633 is divided by 902?
141
Calculate the remainder when 53295 is divided by 7527.
606
What is the remainder when 41204594 is divided by 1121?
1118
What is the remainder when 117715 is divided by 873?
733
Calculate the remainder when 98941498 is divided by 81.
79
What is the remainder when 161692128 is divided by 53897374?
6
What is the remainder when 328807 is divided by 3747?
2818
What is the remainder when 2608331 is divided by 880?
11
What is the remainder when 7143783 is divided by 3571891?
1
What is the remainder when 2469368 is divided by 79657?
1
Calculate the remainder when 37538391 is divided by 106341.
18
What is the remainder when 4597822 is divided by 260?
242
What is the remainder when 12445903 is divided by 11513?
350
What is the remainder when 41881151 is divided by 463?
23
Calculate the remainder when 674680 is divided by 154.
6
Calculate the remainder when 3142537 is divided by 628290.
1087
Calculate the remainder when 24596219 is divided by 546.
11
What is the remainder when 36849172 is divided by 2167598?
6
What is the remainder when 649751 is divided by 120?
71
Calculate the remainder when 56011102 is divided by 9.
7
What is the remainder when 4188663 is divided by 43?
33
What is the remainder when 237632 is divided by 7847?
2222
What is the remainder when 289835 is divided by 26340?
95
What is the remainder when 349531 is divided by 128?
91
Calculate the remainder when 7985863 is divided by 48993.
4
What is the remainder when 92036 is divided by 748?
32
Calculate the remainder when 408542 is divided by 68087.
20
Calculate the remainder when 31125 is divided by 356.
153
What is the remainder when 2073030 is divided by 4810?
4730
What is the remainder when 50748 is divided by 9998?
758
Calculate the remainder when 40302 is divided by 19538.
1226
What is the remainder when 333643 is divided by 1205?
1063
What is the remainder when 494305 is divided by 163629?
3418
What is the remainder when 4660099 is divided by 120?
19
Calculate the remainder when 20238587 is divided by 41.
3
What is the remainder when 89779 is divided by 8897?
809
Calculate the remainder when 62308 is divided by 2947.
421
Calculate the remainder when 4471157 is divided by 10671.
8
What is the remainder when 551374 is divided by 110272?
14
Calculate the remainder when 1895849 is divided by 28.
25
What is the remainder when 7570118 is divided by 286?
270
What is the remainder when 1868249 is divided by 373647?
14
What is the remainder when 277555 is divided by 59?
19
Calculate the remainder when 25649463 is divided by 1648.
1639
What is the remainder when 76525 is divided by 494?
449
Calculate the remainder when 244168 is divided by 24128.
2888
Calculate the remainder when 78032 is divided by 25457.
1661
What is the remainder when 965649 is divided by 7202?
581
Calculate the remainder when 7167578 is divided by 5799.
14
Calculate the remainder when 28851065 is divided by 9.
8
What is the remainder when 44896326 is divided by 40?
6
What is the remainder when 3931983 is divided by 112?
111
What is the remainder when 883285 is divided by 79?
65
What is the remainder when 194623 is divided by 14965?
78
Calculate the remainder when 20073577 is divided by 5064.
4945
Calculate the remainder when 57791 is divided by 27644.
2503
Calculate the remainder when 4828498 is divided by 900.
898
What is the remainder when 3168779 is divided by 1223?
1209
What is the remainder when 88126 is divided by 29338?
112
Calculate the remainder when 302390 is divided by 74.
26
What is the remainder when 734767 is divided by 731730?
3037
What is the remainder when 93309158 is divided by 46654569?
20
Calculate the remainder when 194894 is divided by 10206.
980
What is the remainder when 158073 is divided by 348?
81
Calculate the remainder when 249292 is divided by 10687.
3491
Calculate the remainder when 1125886 is divided by 358.
334
Calculate the remainder when 119582 is divided by 39860.
2
Calculate the remainder when 37429 is divided by 1763.
406
What is the remainder when 206146 is divided by 95?
91
What is the remainder when 8086918 is divided by 207?
49
What is the remainder when 28831534 is divided by 6207?
19
Calculate the remainder when 1487186 is divided by 70815.
71
What is the remainder when 289159 is divided by 16180?
14099
What is the remainder when 9451215 is divided by 33875?
90
Calculate the remainder when 6549142 is divided by 1309825.
17
Calculate the remainder when 149773 is divided by 125.
23
Calculate the remainder when 237978 is divided by 695.
288
What is the remainder when 35361334 is divided by 316?
302
What is the remainder when 151092 is divided by 5784?
708
Calculate the remainder when 726251 is divided by 4034.
131
What is the remainder when 2320091 is divided by 17?
16
What is the remainder when 9832568 is divided by 578386?
6
What is the remainder when 15130730 is divided by 70?
20
What is the remainder when 792976 is divided by 1078?
646
What is the remainder when 512796425 is divided by 10586?
10585
What is the remainder when 487 is divided by 450?
37
What is the remainder when 386720 is divided by 1121?
1096
Calculate the remainder when 4505350 is divided by 38.
32
What is the remainder when 427517 is divided by 6016?
381
What is the remainder when 928184 is divided by 679?
670
Calculate the remainder when 187689964 is divided by 155.
154
Calculate the remainder when 3665380 is divided by 4542.
4528
What is the remainder when 29263416 is divided by 585268?
16
Calculate the remainder when 43121 is divided by 1639.
507
Calculate the remainder when 54507 is divided by 1782.
1047
Calculate the remainder when 663319 is divided by 73666.
325
What is the remainder when 2466845 is divided by 123341?
25
What is the remainder when 1387609 is divided by 602?
601
Calculate the remainder when 862841 is divided by 3437.
154
What is the remainder when 9526192 is divided by 12?
4
What is the remainder when 17735781 is divided by 1242?
21
What is the remainder when 49874 is divided by 7735?
3464
What is the remainder when 22579880 is divided by 1736913?
11
What is the remainder when 761022 is divided by 215?
137
What is the remainder when 264443036 is divided by 120?
116
Calculate the remainder when 554407 is divided by 184794.
25
What is the remainder when 106303 is divided by 2674?
2017
Calculate the remainder when 598395 is divided by 2795.
265
Calculate the remainder when 4616798 is divided by 290.
288
Calculate the remainder when 130951 is divided by 20915.
5461
What is the remainder when 3005926955 is divided by 15831?
15830
Calculate the remainder when 693091 is divided by 640.
611
What is the remainder when 2758527 is divided by 1433?
2
What is the remainder when 14263791 is divided by 33641?
7
Calculate the remainder when 95223057 is divided by 260885.
32
What is the remainder when 6624390 is divided by 226?
104
Calculate the remainder when 588447 is divided by 19.
17
What is the remainder when 87448 is divided by 2275?
998
Calculate the remainder when 1252073 is divided by 23.
22
What is the remainder when 33464 is divided by 376?
0
What is the remainder when 18502006 is divided by 196?
194
Calculate the remainder when 40079 is divided by 3743.
2649
What is the remainder when 3015958 is divided by 565?
553
Calculate the remainder when 21506804 is divided by 145.
114
Calculate the remainder when 6640507 is divided by 8613.
8497
Calculate the remainder when 2197322 is divided by 425.
72
What is the remainder when 36412067 is divided by 6068676?
11
What is the remainder when 2845597 is divided by 26348?
13
What is the remainder when 319372 is divided by 19924?
588
What is the remainder when 2015679 is divided by 6903?
3
What is the remainder when 1797993 is divided by 112370?
73
Calculate the remainder when 11224544 is divided by 798.
674
What is the remainder when 17461 is divided by 2905?
31
What is the remainder when 53757 is divided by 17869?
150
Calculate the remainder when 437446 is divided by 145724.
274
Calculate the remainder when 12466 is divided by 102.
22
What is the remainder when 9876779 is divided by 1826?
1771
What is the remainder when 22833 is divided by 261?
126
Calculate the remainder when 107213 is divided by 2748.
41
Calculate the rema